) to base 6
1134022
25a37c (base 14) to base 16
13c5fa
1308281 (base 12) to base 10
3746689
What is 1143808 (base 9) in base 3?
1011110220022
Convert -233144134 (base 5) to base 11.
-66a9a8
What is 112320143 (base 5) in base 6?
14540121
Convert -1104441145 (base 6) to base 3.
-211112200011102
Convert -80127 (base 15) to base 9.
-676821
What is 2585053 (base 9) in base 13?
3a698c
What is 1b69914 (base 12) in base 6?
325410024
Convert 358053 (base 11) to base 6.
20053144
Convert 55240 (base 11) to base 6.
1415014
What is d443d (base 15) in base 12?
285287
890698 (base 10) to base 6
31031334
What is -3557170 (base 9) in base 7?
-22245612
Convert 15231560 (base 7) to base 6.
51051535
-66a939 (base 11) to base 5
-233143333
Convert 6bc5 (base 15) to base 8.
54576
7524457 (base 9) to base 15
5498d1
Convert 97116e (base 16) to base 12.
3395492
What is c3d6 (base 16) in base 8?
141726
Convert -8792a8 (base 11) to base 15.
-1cab8e
Convert 413160 (base 8) to base 5.
13334231
Convert 710738 (base 11) to base 6.
40255050
Convert 1b8465 (base 13) to base 2.
10101011110100110111
What is -3169b4 (base 13) in base 15?
-17cd7a
Convert -136667 (base 8) to base 11.
-33542
Convert 26118 (base 13) to base 8.
211536
Convert -92f40 (base 16) to base 5.
-123230140
Convert 12121320023 (base 4) to base 7.
20161430
Convert 65520443 (base 7) to base 5.
2414243232
Convert 5794a (base 12) to base 10.
117130
-100645201 (base 7) to base 15
-7b1541
Convert -2637272 (base 9) to base 14.
-297817
1b76933 (base 12) to base 15
7b2346
Convert 10541242 (base 6) to base 4.
1033023122
What is -2e2308 (base 16) in base 10?
-3023624
Convert -354541 (base 9) to base 14.
-57a46
Convert -73078b (base 14) to base 12.
-13722b3
Convert 1100101100001001100101 (base 2) to base 15.
45a9b0
Convert -2647711 (base 10) to base 13.
-7191c1
Convert 2480a0 (base 12) to base 16.
91278
12661476 (base 8) to base 11
1672369
Convert -1045 (base 14) to base 6.
-20553
Convert 1d8120 (base 15) to base 9.
2641743
What is -893404a (base 11) in base 2?
-111011110001111111010000
11100110100011111000100 (base 2) to base 15
9e37c7
What is 1651398 (base 11) in base 14?
533157
What is 25503040 (base 7) in base 11?
1345406
-11244404 (base 5) to base 13
-37c11
Convert 19a6b3 (base 15) to base 9.
2315036
-60242 (base 8) to base 14
-9030
Convert -1111010110101100110 (base 2) to base 13.
-148023
What is 5161026 (base 7) in base 12?
25a839
What is -61303 (base 14) in base 6?
-5002315
11313030102 (base 4) to base 11
95a679
3224103241 (base 5) to base 11
3968262
What is -44363 (base 13) in base 10?
-123620
a1d8c (base 15) to base 13
14c481
What is -1017351 (base 9) in base 16?
-84aa2
-397b3c (base 15) to base 5
-1201304112
-123d3 (base 15) to base 11
-3a843
-56454436 (base 8) to base 10
-12212510
What is -b22714 (base 13) in base 6?
-224514443
What is -25723a (base 11) in base 2?
-1100010110110101101
Convert -1110010101000110011011 (base 2) to base 6.
-212302535
22425004 (base 8) to base 10
4860420
-251013 (base 11) to base 13
-10b709
What is -6199a8 (base 11) in base 7?
-11310230
2228863 (base 10) to base 8
10401177
What is -39170 (base 14) in base 4?
-202033032
-15221a (base 11) to base 8
-717175
Convert 10221210012110 (base 3) to base 10.
2101854
Convert -16463 (base 14) to base 4.
-31213013
Convert 4036560 (base 7) to base 10.
480144
Convert 2136337 (base 9) to base 13.
311983
Convert -371027 (base 9) to base 5.
-24130303
86962 (base 11) to base 8
366477
What is 500133042 (base 6) in base 14?
118d042
100021000202102 (base 3) to base 10
4921301
233634 (base 8) to base 10
79772
What is -11010100101000111 (base 2) in base 16?
-1a947
-c29f (base 16) to base 4
-30022133
Convert 44445 (base 13) to base 2.
11110001101110101
What is 670b84 (base 12) in base 7?
16636561
-dca1 (base 14) to base 4
-21110111
448686 (base 9) to base 8
1015044
Convert 1533435 (base 6) to base 14.
24c59
What is -13113132 (base 4) in base 6?
-351410
What is -312313230 (base 4) in base 16?
-36dec
5562170 (base 8) to base 3
2211012222221
-131421301 (base 5) to base 8
-2376360
Convert -12024 (base 14) to base 8.
-125640
Convert 1231034302 (base 6) to base 15.
13d061e
13342432 (base 6) to base 2
1101101100111110100
Convert -101100001100010000 (base 2) to base 15.
-38973
61233636 (base 7) to base 16
4dd612
Convert 232013233312 (base 4) to base 2.
101110000111101111110110
What is 50831 (base 16) in base 8?
1204061
What is -b914 (base 12) in base 16?
-4f60
What is 99cb (base 15) in base 11?
22539
10100000111111110000000 (base 2) to base 7
62561345
1441350 (base 6) to base 13
2bbb7
What is 1101110010001010001 (base 2) in base 5?
103423130
10302433 (base 5) to base 4
111130330
12123230323 (base 4) to base 2
110011011101100111011
Convert -2cca0 (base 16) to base 11.
-115919
-112023144 (base 5) to base 14
-d0b7c
Convert -3057375 (base 8) to base 15.
-11034e
What is 1266021 (base 7) in base 13?
5b473
Convert 10110000000100010011 (base 2) to base 13.
1c3339
What is -234555 (base 9) in base 5?
-14004102
-121430233 (base 6) to base 12
-93b379
Convert 5342655 (base 7) to base 10.
649290
Convert 171dc3 (base 15) to base 7.
12343662
-113a8c (base 13) to base 3
-202202000102
What is -6146237 (base 8) in base 11?
-a10088
Convert 4341a42 (base 11) to base 3.
112100200010220
What is 89645 (base 10) in base 12?
43a65
Convert 138e38 (base 15) to base 10.
941453
Convert -1022112220111 (base 3) to base 15.
-dc517
-348954 (base 14) to base 11
-1013605
Convert 9649 (base 11) to base 16.
31d6
231330 (base 7) to base 5
2310303
-111010001000100000010 (base 2) to base 13
-519078
Convert -1140413114 (base 5) to base 10.
-2669784
Convert 5214556 (base 7) to base 8.
2306376
333230031 (base 5) to base 3
2202020110222
Convert 123233030013 (base 4) to base 15.
989650
1394b7 (base 15) to base 2
11100110001001101001
What is -532440 (base 7) in base 6?
-1550340
What is -1101000100010000111 (base 2) in base 15?
-86ce7
Convert 261026 (base 8) to base 11.
62116
Convert 20e13b (base 15) to base 2.
101111110011001001001
-2354534 (base 7) to base 2
-1001001000101100110
-393118 (base 10) to base 8
-1377636
Convert 481845 (base 9) to base 14.
77a18
What is 2d2bd (base 15) in base 12?
70421
4262333 (base 7) to base 5
113110343
What is 982592 (base 10) in base 8?
3577100
-515547 (base 8) to base 3
-22200100222
Convert 31cca (base 16) to base 7.
1506455
100100011101001 (base 2) to base 5
1044130
-755165 (base 8) to base 4
-331221311
Convert -10000100011101000101111 (base 2) to base 9.
-8144653
310300 (base 4) to base 9
4561
Convert -83c78 (base 15) to base 4.
-1212002102
Convert -1e9d8d (base 15) to base 7.
-15522502
What is 4304513 (base 8) in base 14?
21cb7d
What is 1872852 (base 10) in base 13?
5075c7
Convert 13b73 (base 13) to base 4.
21003301
What is 300420 (base 5) in base 16?
250d
What is -2443212 (base 6) in base 14?
-356d2
Convert -12011201220201 (base 3) to base 13.
-753bb6
Convert -21230002 (base 5) to base 6.
-3505202
-38b35e (base 15) to base 3
-12010020112022
-12200120110 (base 3) to base 5
-12040304
Convert 100101001111001000 (base 2) to base 15.
302d0
-56625 (base 10) to base 9
-85606
What is -377001 (base 8) in base 10?
-130561
Convert -32001112 (base 4) to base 5.
-3314210
Convert 103313113210 (base 4) to base 14.
997b00
What is 211012023 (base 4) in base 13?
54213
-13412332 (base 7) to base 12
-501767
-17105741 (base 8) to base 14
-7540a5
Convert 5263655 (base 10) to base 9.
10812335
Convert 6261a (base 14) to base 15.
4a424
What is -1804a0 (base 13) in base 8?
-2225013
1333643 (base 10) to base 3
2111202102012
130b581 (base 13) to base 2
10110110000011111101101
Convert -4142341314 (base 5) to base 3.
-121002211200111
What is 22101211001 (base 3) in base 13?
5a352
Convert -3ebe0 (base 16) to base 3.
-111001112020
2127171 (base 10) to base 16
207543
What is -795c22 (base 15) in base 2?
-10110000101110010001001
What is 563314 (base 7) in base 4?
120110230
Convert 242243 (base 6) to base 9.
32150
What is 4155535 (base 7) in base 2?
1111010011010010010
1330662 (base 7) to base 13
61c17
What is -153351031 (base 6) in base 7?
-36422125
Convert 1d57b81 (base 14) to base 7.
236146421
What is 21003400 (base 5) in base 7?
1315323
Convert -32024422 (base 5) to base 13.
-9499c
Convert -11000110